millions digit of 1491860526?
9
What is the units digit of 24422495?
5
What is the hundred thousands digit of 77283565?
2
What is the millions digit of 2488461983?
8
What is the hundreds digit of 1768197514?
5
What is the ten millions digit of 17377594?
1
What is the ten thousands digit of 218312482?
1
What is the ten thousands digit of 195627554?
2
What is the ten millions digit of 393424215?
9
What is the units digit of 240123950?
0
What is the ten millions digit of 440873341?
4
What is the thousands digit of 84727925?
7
What is the ten millions digit of 2281150962?
8
What is the units digit of 1194542855?
5
What is the units digit of 461695769?
9
What is the ten millions digit of 37000150?
3
What is the billions digit of 5346835006?
5
What is the tens digit of 15898471?
7
What is the millions digit of 92528501?
2
What is the tens digit of 2249637215?
1
What is the units digit of 5025921838?
8
What is the millions digit of 35471261?
5
What is the ten thousands digit of 265308855?
0
What is the hundred thousands digit of 7650709128?
7
What is the tens digit of 635583496?
9
What is the hundred thousands digit of 2776355166?
3
What is the hundred thousands digit of 1635672?
6
What is the ten millions digit of 41544451?
4
What is the thousands digit of 1197381691?
1
What is the units digit of 257692294?
4
What is the millions digit of 111971761?
1
What is the ten thousands digit of 2388659379?
5
What is the tens digit of 1978249542?
4
What is the units digit of 164102359?
9
What is the hundred thousands digit of 391479109?
4
What is the ten millions digit of 558391222?
5
What is the hundred millions digit of 290322466?
2
What is the hundred thousands digit of 61073678?
0
What is the tens digit of 188477841?
4
What is the hundred thousands digit of 193041962?
0
What is the thousands digit of 1151961929?
1
What is the hundred thousands digit of 4481818986?
8
What is the millions digit of 56468604?
6
What is the hundred millions digit of 2620323775?
6
What is the hundreds digit of 1022992597?
5
What is the units digit of 2273436?
6
What is the tens digit of 23408124?
2
What is the ten millions digit of 24467134?
2
What is the ten thousands digit of 63193303?
9
What is the tens digit of 23464604?
0
What is the units digit of 727004736?
6
What is the ten millions digit of 14343189?
1
What is the millions digit of 3037423?
3
What is the hundred thousands digit of 48787897?
7
What is the hundreds digit of 7911956761?
7
What is the hundred millions digit of 8895427173?
8
What is the hundred thousands digit of 69987464?
9
What is the tens digit of 295720886?
8
What is the millions digit of 475022946?
5
What is the ten thousands digit of 152683345?
8
What is the tens digit of 928759803?
0
What is the hundred millions digit of 309571411?
3
What is the thousands digit of 5271105991?
5
What is the units digit of 247447898?
8
What is the ten millions digit of 1337999744?
3
What is the millions digit of 26816735?
6
What is the ten thousands digit of 38305307?
0
What is the tens digit of 42979035?
3
What is the hundreds digit of 1459215177?
1
What is the hundred millions digit of 239189477?
2
What is the millions digit of 881290760?
1
What is the hundred thousands digit of 47490759?
4
What is the ten millions digit of 169575513?
6
What is the ten thousands digit of 6860968325?
6
What is the thousands digit of 407653815?
3
What is the hundred thousands digit of 41565313?
5
What is the ten millions digit of 177107815?
7
What is the ten thousands digit of 37480913?
8
What is the hundred thousands digit of 989728930?
7
What is the billions digit of 2430609148?
2
What is the ten millions digit of 9126798291?
2
What is the millions digit of 1168990366?
8
What is the ten thousands digit of 109170993?
7
What is the millions digit of 26564664?
6
What is the units digit of 183118065?
5
What is the ten thousands digit of 13957606?
5
What is the hundred thousands digit of 52177223?
1
What is the ten thousands digit of 174302661?
0
What is the thousands digit of 76950119?
0
What is the hundred millions digit of 1183463088?
1
What is the hundred thousands digit of 188632641?
6
What is the ten millions digit of 108875799?
0
What is the thousands digit of 961201359?
1
What is the ten millions digit of 1151072405?
5
What is the tens digit of 195145867?
6
What is the thousands digit of 74188152?
8
What is the millions digit of 42712620?
2
What is the units digit of 611082060?
0
What is the billions digit of 2831275122?
2
What is the hundred millions digit of 112499874?
1
What is the ten thousands digit of 1979364702?
6
What is the tens digit of 46222644?
4
What is the ten thousands digit of 1009975769?
7
What is the hundred thousands digit of 37349721?
3
What is the ten thousands digit of 19463493?
6
What is the hundred millions digit of 265705734?
2
What is the hundreds digit of 6498817342?
3
What is the units digit of 2489037680?
0
What is the hundred thousands digit of 516614382?
6
What is the billions digit of 3773599181?
3
What is the ten thousands digit of 265884522?
8
What is the ten millions digit of 390045554?
9
What is the ten millions digit of 5831900278?
3
What is the tens digit of 1232499801?
0
What is the hundreds digit of 81219854?
8
What is the millions digit of 117625362?
7
What is the ten millions digit of 16337426?
1
What is the tens digit of 192548704?
0
What is the millions digit of 302641239?
2
What is the tens digit of 29472077?
7
What is the ten millions digit of 6456886943?
5
What is the ten thousands digit of 152302000?
0
What is the hundred thousands digit of 5705517258?
5
What is the ten thousands digit of 11177590?
7
What is the hundreds digit of 1257954302?
3
What is the hundred thousands digit of 31256026?
2
What is the ten thousands digit of 3800536436?
3
What is the thousands digit of 9510806?
0
What is the units digit of 3365891202?
2
What is the hundreds digit of 784912477?
4
What is the thousands digit of 1738693045?
3
What is the millions digit of 45982614?
5
What is the units digit of 450759281?
1
What is the hundred thousands digit of 4028852183?
8
What is the tens digit of 24981966?
6
What is the millions digit of 85789985?
5
What is the hundreds digit of 72919385?
3
What is the hundred millions digit of 430649833?
4
What is the hundred thousands digit of 759066404?
0
What is the ten thousands digit of 2389912404?
1
What is the ten millions digit of 151750846?
5
What is the ten millions digit of 101895530?
0
What is the hundreds digit of 507022136?
1
What is the tens digit of 56555127?
2
What is the hundreds digit of 8417309768?
7
What is the millions digit of 219230702?
9
What is the thousands digit of 3327593843?
3
What is the tens digit of 1191263143?
4
What is the hundred thousands digit of 221821911?
8
What is the hundred millions digit of 173483626?
1
What is the ten thousands digit of 43331343?
3
What is the millions digit of 194593110?
4
What is the ten thousands digit of 60605046?
0
What is the tens digit of 1029841104?
0
What is the tens digit of 211700411?
1
What is the millions digit of 204355884?
4
What is the tens digit of 1657967532?
3
What is the units digit of 5493838148?
8
What is the ten millions digit of 121905383?
2
What is the thousands digit of 111300002?
0
What is the billions digit of 3711167498?
3
What is the thousands digit of 376384300?
4
What is the ten thousands digit of 1030569267?
6
What is the ten thousands digit of 97706898?
0
What is the thousands digit of 160812163?
2
What is the hundred thousands digit of 367509417?
5
What is the ten millions digit of 23318619?
2
What is the millions digit of 46693642?
6
What is the tens digit of 556947971?
7
What is the hundreds digit of 14482828?
8
What is the ten millions digit of 835196086?
3
What is the thousands digit of 5031257688?
7
What is the units digit of 14391607?
7
What is the hundred millions digit of 2121747403?
1
What is the hundred millions digit of 2670859249?
6
What is the ten thousands digit of 644507?
4
What is the thousands digit of 112804519?
4
What is the hundred thousands digit of 220972221?
9
What is the ten millions digit of 204022133?
0
What is the hundred thousands digit of 8563656839?
6
What is the thousands digit of 399818040?
8
What